v - 2*q - 31. What are the prime factors of v?
3
Let x = -148 - -328. Suppose -4*a - 72 + x = 0. List the prime factors of a.
3
Suppose k = 2*w, 0*w - 3*w = -5*k - 14. Let a be 9/(-3)*k/(-6). What are the prime factors of -2*(-1)/a + 13?
2, 3
Let i be (-1)/(0 + 1/(-3)). Let k(d) = -2 + 10 + d**2 - d**i - 2*d**2 + d - 5*d**2. List the prime factors of k(-6).
2
Let y = -4 + 1. Let g be y/18*-62*-3. Let v = -5 - g. What are the prime factors of v?
2, 13
Suppose -4*u + 837 - 129 = 0. List the prime factors of u.
3, 59
Let h = -79 + 79. Suppose r - 185 - 11 = h. List the prime factors of r.
2, 7
Suppose -49*c = -10*c - 68055. What are the prime factors of c?
5, 349
Suppose 10 = -2*r + r. Let g = r + 26. Let c = 35 - g. What are the prime factors of c?
19
Let o = -13 + 17. Suppose u - 35 = o*f - 9*f, 42 = 2*u + 3*f. Suppose 2*d + d = u. What are the prime factors of d?
5
Let z(w) = 77*w - 13. What are the prime factors of z(4)?
5, 59
Let h(k) = -2 + k**2 - 4 + 3*k + 0*k**2 + 3*k. Let b be h(-7). What are the prime factors of (-3 - -4)/(b/13)?
13
Let z = 372 - 114. What are the prime factors of z?
2, 3, 43
Suppose 3*o - 716 = -2*t + 6*o, -t - 2*o + 351 = 0. What are the prime factors of t?
5, 71
Suppose 8 = w + w. Suppose 2*o + 4*q - 210 = 0, -5*o + 535 = w*q + q. What are the prime factors of o?
109
Let w(o) = 2*o + 12. Let m be 3 + -1 + (-5 - 10). Let b be w(m). Let a = b - -16. What are the prime factors of a?
2
Let f(j) = -6*j - 15. Let a be f(-6). Let w = -52 + a. Let c = 50 + w. List the prime factors of c.
19
Let w be -2 + -3*4/6. List the prime factors of (-133)/(-2) - (-2)/w.
2, 3, 11
Let c(r) = 19*r**2 - 37*r + 5. List the prime factors of c(-10).
5, 7, 13
What are the prime factors of 145 - (-2 + 4)/1?
11, 13
Let t be 1/(-3) - (-2415)/9. Let d = -154 + t. Suppose p + 5*p = d. List the prime factors of p.
19
Let a = 2058 - 2045. List the prime factors of a.
13
Let z = -37 - -41. Let y = z - -36. List the prime factors of y.
2, 5
Suppose 16*o = 15*o - 3. List the prime factors of ((-152)/(1 + o))/1.
2, 19
Suppose -3*n - 6 = 5*u - 4*u, -4*n = -2*u + 18. Let b be (-1)/3 + (-361)/n. Suppose -17*m - b = -20*m. What are the prime factors of m?
2, 5
Let y(i) = -55*i**3 + i**2 + i. Let k = 8 + -9. Let x be y(k). Suppose -x = -n - 19. What are the prime factors of n?
2, 3
Suppose 4*l - 2*l - 2 = -4*p, -4*p + 5*l - 5 = 0. Suppose 2*u + 2 + p = 0, 0 = -2*b - 5*u + 157. What are the prime factors of b?
3
Let p(b) = 0 + 21*b + 4 - b**2 + 2 + 5. List the prime factors of p(9).
7, 17
Let h(x) = x**3 - 3*x**2 + 4*x - 18. List the prime factors of h(6).
2, 3, 19
Let i = -40 - -13. Let y = -17 - i. Suppose y*w - 5*w = 245. What are the prime factors of w?
7
Let n(i) = 3*i**2 - 7*i**3 - 1 + 28*i**3 - 2*i**2. Let f(v) = -v**2 + 1. Let q be f(0). List the prime factors of n(q).
3, 7
Let k(y) = 126*y + 16. List the prime factors of k(3).
2, 197
Suppose l - 32 = 3*l - 2*s, -l = -3*s + 26. Let n = 32 - l. What are the prime factors of n?
43
Let d be (-2)/3 + (-717)/(-9). Let w = d - 54. Let a = 58 - w. What are the prime factors of a?
3, 11
Let k(h) = 2*h**2 + 2*h - 4. Let o be k(2). Let u = 8 + -5. Suppose o*m = u*m + 50. What are the prime factors of m?
2, 5
Let f = -6 + 2. Suppose 4*d + 90 = 118. Let z = d + f. List the prime factors of z.
3
Suppose 9 = 4*s - 19. Suppose 5 + s = -r. Let j = 11 - r. What are the prime factors of j?
23
Let u(z) = -3*z**3 - 3*z**2 - 11*z + 13. What are the prime factors of u(-4)?
3, 67
Suppose -6*h = -3*h. Let g(u) = u + 12. List the prime factors of g(h).
2, 3
Let t(j) be the third derivative of j**5/60 + 7*j**4/12 - j**3/3 - 8*j**2. Let y be t(-13). Let z = 39 + y. List the prime factors of z.
2, 3
Suppose 0 = -32*t + 10*t + 9152. What are the prime factors of t?
2, 13
Suppose -y = a - 1472, -y + 24*a = 20*a - 1472. What are the prime factors of y?
2, 23
Suppose 4*z = -3*p + 33, -29 = -2*z - 3*p - 8. Suppose -s = 4 - z. Suppose l - 30 = -2*t - 3*l, -43 = -5*t - s*l. What are the prime factors of t?
7
Suppose 5*a = 5*l + 1365, -281 = -4*a + 3*l + 806. List the prime factors of a.
2, 67
Let h = -13 + 7. What are the prime factors of (23*-3)/((-8 - h)/4)?
2, 3, 23
Suppose -2*b = 5*t - 3227, 11*b = 6*b + 4*t + 8117. List the prime factors of b.
1621
Let s = 431 - 304. List the prime factors of s.
127
Let p(n) = n**2 - 3*n + 5. Suppose 23*j - 18*j = 10. Let i be p(j). List the prime factors of i*(-14)/6*-5.
5, 7
Let b be 15/3*(-4)/(-10). Suppose -b*i + 8 + 8 = 0. List the prime factors of (-12)/i*(-124)/6.
31
Let u(t) = -13*t**3 + 2*t**2 + 2*t - 4. Let k = -5 - -3. What are the prime factors of u(k)?
2, 13
Suppose 711 = 5*c - 344. Suppose -5*k - 3*p = -183 - 53, -4*k + c = -5*p. List the prime factors of k.
7
Let o = -815 + 1165. What are the prime factors of o?
2, 5, 7
Suppose 5*n + 24 = 17*n. Suppose n*o + 4*s - s = 115, -s - 3 = 0. List the prime factors of o.
2, 31
Suppose 29114 + 6226 = 31*q. What are the prime factors of q?
2, 3, 5, 19
Suppose v - 2*b - 169 = 1, -2*v = -b - 340. List the prime factors of v.
2, 5, 17
Let r = -166 + 290. Let u = -38 - -108. Let c = r - u. List the prime factors of c.
2, 3
Let x be 1*(-3 + 10)/1. Suppose 0 = -4*g - x - 21. Let s(l) = -l**3 - 7*l**2 - 3*l - 5. What are the prime factors of s(g)?
2
Suppose 3*x + 0*x = 447. Suppose 2*q + 228 = 18. Let a = x + q. What are the prime factors of a?
2, 11
Let a(z) = 54*z + 1. Let v(p) = 2*p - 5. Let x be v(3). What are the prime factors of a(x)?
5, 11
Let s be (31 - 11) + (-4)/(-2). Let y = -20 + s. Suppose -d + 5 = -2*p, -d - 4*p = y*d - 45. What are the prime factors of d?
11
Let z = 227 + 109. List the prime factors of z.
2, 3, 7
Let p = -101 + -59. Let c be ((-16)/10)/(4/p). Suppose c = 4*g - 2*j - 64, -2*j = 0. What are the prime factors of g?
2
Let s(z) = -564*z**3 + 2*z**2 + 9*z + 8. What are the prime factors of s(-1)?
5, 113
What are the prime factors of 2*((-1441)/(-2) - 4)?
1433
Let t = 28 + -24. Suppose 69 + 11 = t*u. What are the prime factors of u?
2, 5
Suppose 4*a - 95 = -a. Suppose -39 = -x + a. Suppose m + 3*k = x, -k - 30 - 12 = -m. List the prime factors of m.
2, 23
Suppose 5*w = -3*o + 415, 5*o + 369 = 4*w - 0*o. Suppose 0 = -0*n - 2*n - r + 71, 0 = -2*n - 4*r + w. What are the prime factors of n?
3, 11
Let i = -37 - -19. Let z = i + -22. Let b = 0 - z. List the prime factors of b.
2, 5
Let z(t) be the first derivative of -5*t + 1 + 7/2*t**2. What are the prime factors of z(5)?
2, 3, 5
Let c = 280 - 191. What are the prime factors of c?
89
Suppose -2*j = 8*j - 80. Let l(o) = o**3 - 5*o**2 - 14*o - 16. What are the prime factors of l(j)?
2
What are the prime factors of 1828 + -6 + 12 + -5?
31, 59
Suppose 4*f + 3 = 11. Suppose f*k + k - 957 = 5*b, 3*k = 2*b + 381. What are the prime factors of (-2 + b/(-15))*5?
2, 3
Suppose 0 = -13*q + 9*q. Let r(v) = -v**3 + v + 210. Let b be r(q). Suppose 4*h = -h + b. List the prime factors of h.
2, 3, 7
Suppose 62671 = 10*p + 39*p. List the prime factors of p.
1279
Let z be (-3 - 4) + (-2)/(-1). Let d = z - -8. Suppose -20 = -4*k, d*v - 3 = -0*v + 3*k. List the prime factors of v.
2, 3
Let w(c) = -c**2 - 6*c - 2. Let r(j) = j**3 - 6*j**2 - j. Let v be r(6). Let b be w(v). What are the prime factors of b - -1 - (-280)/7?
3, 13
Let o(h) = -2*h**2 - 4*h + 9. Let z be o(-3). What are the prime factors of z/15 + (-1370)/(-25) + -4?
3, 17
Let o be ((-194)/8)/((-2)/8). Let t be 5/3*(o + -4). Suppose 4*z - t = -z. What are the prime factors of z?
31
Suppose 0*r - 2*r - 5*n + 2 = 0, 5*r + 4*n = 5. Let w be -3 + r + -1 - 379. What are the prime factors of 8/(-28) - w/14?
3
Suppose o - 195 = 3*j, 4*o - 650 - 166 = 3*j. Suppose 0 = -7*v + o + 269. List the prime factors of v.
2, 17
Let y = 3 - 5. Let c be y*(-12 - 3 - -3). Suppose -3*b - c = -4*b. List the prime factors of b.
2, 3
Suppose -826 - 59081 = -57*y. What are the prime factors of y?
1051
Let n(d) = 9*d + 2. Suppose 6*j - 5 = 2*j - 3*a, -5 = 3*j + 4*a. Suppose 2*h = -3*p + j + 1, -p = 5*h - 2. List the prime factors of n(p).
2, 5
Let l = 39 + -34. Suppose -r + 3*k = 0, l + 20 = 5*k. List the prime factors of r.
3, 5
Suppose -u - 2*a + 92 = 0, a + 2*a - 282 = -3*u. Suppose 5*p - 8*p + u = 0. List the prime factors of p.
2
Suppose 5*f - 28600 = -20*f